 factors of 122641.
29, 4229
List the prime factors of 4162.
2, 2081
List the prime factors of 6752.
2, 211
List the prime factors of 303.
3, 101
List the prime factors of 3977.
41, 97
What are the prime factors of 32793?
3, 17, 643
What are the prime factors of 60576?
2, 3, 631
What are the prime factors of 430?
2, 5, 43
What are the prime factors of 2786?
2, 7, 199
List the prime factors of 3186.
2, 3, 59
List the prime factors of 1803.
3, 601
List the prime factors of 10260.
2, 3, 5, 19
What are the prime factors of 4701?
3, 1567
List the prime factors of 255.
3, 5, 17
What are the prime factors of 15975?
3, 5, 71
List the prime factors of 1928.
2, 241
What are the prime factors of 16274?
2, 79, 103
List the prime factors of 457.
457
List the prime factors of 2560.
2, 5
List the prime factors of 2759.
31, 89
What are the prime factors of 716?
2, 179
List the prime factors of 2691.
3, 13, 23
What are the prime factors of 73899?
3, 7, 17, 23
List the prime factors of 13641.
3, 4547
What are the prime factors of 15985?
5, 23, 139
List the prime factors of 892.
2, 223
List the prime factors of 55324.
2, 13831
List the prime factors of 4324.
2, 23, 47
What are the prime factors of 18736?
2, 1171
List the prime factors of 779.
19, 41
List the prime factors of 2090.
2, 5, 11, 19
What are the prime factors of 8063?
11, 733
What are the prime factors of 383?
383
What are the prime factors of 54974?
2, 27487
List the prime factors of 5641.
5641
What are the prime factors of 63517?
19, 3343
What are the prime factors of 2243?
2243
List the prime factors of 1643.
31, 53
What are the prime factors of 2659?
2659
List the prime factors of 9268.
2, 7, 331
What are the prime factors of 1551?
3, 11, 47
List the prime factors of 46674.
2, 3, 2593
What are the prime factors of 16369?
16369
List the prime factors of 5143.
37, 139
What are the prime factors of 1010?
2, 5, 101
What are the prime factors of 8204?
2, 7, 293
List the prime factors of 31.
31
What are the prime factors of 30141?
3, 17, 197
What are the prime factors of 869?
11, 79
What are the prime factors of 132726?
2, 3, 11, 2011
List the prime factors of 4116.
2, 3, 7
What are the prime factors of 21382?
2, 10691
List the prime factors of 813.
3, 271
List the prime factors of 20828.
2, 41, 127
List the prime factors of 7742.
2, 7, 79
What are the prime factors of 551?
19, 29
What are the prime factors of 7635?
3, 5, 509
List the prime factors of 21976.
2, 41, 67
List the prime factors of 5.
5
List the prime factors of 6325.
5, 11, 23
What are the prime factors of 11686?
2, 5843
What are the prime factors of 1844?
2, 461
List the prime factors of 86554.
2, 13, 3329
What are the prime factors of 835?
5, 167
What are the prime factors of 12964?
2, 7, 463
What are the prime factors of 1546?
2, 773
What are the prime factors of 32559?
3, 10853
List the prime factors of 9951.
3, 31, 107
What are the prime factors of 13530?
2, 3, 5, 11, 41
List the prime factors of 4840.
2, 5, 11
List the prime factors of 13064.
2, 23, 71
List the prime factors of 447.
3, 149
List the prime factors of 689.
13, 53
What are the prime factors of 100?
2, 5
What are the prime factors of 35029?
23, 1523
List the prime factors of 18372.
2, 3, 1531
List the prime factors of 2978.
2, 1489
List the prime factors of 5568.
2, 3, 29
What are the prime factors of 1065?
3, 5, 71
What are the prime factors of 4271?
4271
List the prime factors of 12950.
2, 5, 7, 37
List the prime factors of 16765.
5, 7, 479
What are the prime factors of 6890?
2, 5, 13, 53
List the prime factors of 10416.
2, 3, 7, 31
What are the prime factors of 11543?
7, 17, 97
List the prime factors of 20.
2, 5
List the prime factors of 391.
17, 23
What are the prime factors of 62542?
2, 31271
List the prime factors of 70151.
29, 41, 59
What are the prime factors of 1266?
2, 3, 211
What are the prime factors of 425?
5, 17
List the prime factors of 3036.
2, 3, 11, 23
What are the prime factors of 123?
3, 41
List the prime factors of 11891.
11, 23, 47
What are the prime factors of 29570?
2, 5, 2957
List the prime factors of 1909.
23, 83
What are the prime factors of 21798?
2, 3, 7, 173
What are the prime factors of 22508?
2, 17, 331
List the prime factors of 3050.
2, 5, 61
What are the prime factors of 1695?
3, 5, 113
List the prime factors of 716.
2, 179
What are the prime factors of 8973?
3, 997
What are the prime factors of 13003?
13003
List the prime factors of 6335.
5, 7, 181
What are the prime factors of 70183?
70183
What are the prime factors of 45987?
3, 15329
List the prime factors of 4017.
3, 13, 103
What are the prime factors of 6?
2, 3
What are the prime factors of 2243?
2243
What are the prime factors of 5266?
2, 2633
List the prime factors of 841.
29
What are the prime factors of 1755?
3, 5, 13
List the prime factors of 33886.
2, 16943
What are the prime factors of 60829?
59, 1031
List the prime factors of 184545.
3, 5, 1367
List the prime factors of 162843.
3, 17, 31, 103
List the prime factors of 884.
2, 13, 17
What are the prime factors of 5912?
2, 739
List the prime factors of 5402.
2, 37, 73
List the prime factors of 9859.
9859
List the prime factors of 113946.
2, 3, 7, 2713
What are the prime factors of 25614?
2, 3, 1423
What are the prime factors of 4914?
2, 3, 7, 13
List the prime factors of 5512.
2, 13, 53
List the prime factors of 10047.
3, 17, 197
What are the prime factors of 9452?
2, 17, 139
List the prime factors of 7190.
2, 5, 719
List the prime factors of 8397.
3, 311
What are the prime factors of 12030?
2, 3, 5, 401
List the prime factors of 17760.
2, 3, 5, 37
List the prime factors of 25494.
2, 3, 7, 607
What are the prime factors of 583?
11, 53
What are the prime factors of 918?
2, 3, 17
List the prime factors of 6262.
2, 31, 101
List the prime factors of 1303.
1303
List the prime factors of 1944.
2, 3
List the prime factors of 782.
2, 17, 23
What are the prime factors of 17351?
17351
What are the prime factors of 5527?
5527
What are the prime factors of 1572?
2, 3, 131
List the prime factors of 5023.
5023
List the prime factors of 1210.
2, 5, 11
List the prime factors of 2769.
3, 13, 71
List the prime factors of 4380.
2, 3, 5, 73
List the prime factors of 81588.
2, 3, 13, 523
What are the prime factors of 37616?
2, 2351
List the prime factors of 3259.
3259
List the prime factors of 48794.
2, 31, 787
What are the prime factors of 2554?
2, 1277
What are the prime factors of 2082?
2, 3, 347
List the prime factors of 47249.
37, 1277
List the prime factors of 16492.
2, 7, 19, 31
List the prime factors of 372.
2, 3, 31
List the prime factors of 9157.
9157
List the prime factors of 18136.
2, 2267
List the prime factors of 3676.
2, 919
List the prime factors of 10095.
3, 5, 673
What are the prime factors of 4984?
2, 7, 89
What are the prime factors of 1090?
2, 5, 109
What are the prime factors of 708?
2, 3, 59
What are the prime factors of 4319?
7, 617
List the prime factors of 503.
503
List the prime factors of 6473.
6473
What are the prime factors of 49572?
2, 3, 17
List the prime factors of 11898.
2, 3, 661
What are the prime factors of 4439?
23, 193
List the prime factors of 1515.
3, 5, 101
What are the prime factors of 11779?
11779
List the prime factors of 851.
23, 37
List the prime factors of 85888.
2, 11, 61
What are the prime factors of 29197?
7, 43, 97
What are the prime factors of 23060?
2, 5, 1153
List the prime factors of 79729.
13, 6133
List the prime factors of 33368.
2, 43, 97
What are the prime factors of 13190?
2, 5, 1319
List the prime factors of 1599.
3, 13, 41
What are the prime factors of 10720?
2, 5, 67
List the prime factors of 565.
5, 113
List the prime factors of 4969.
4969
What are the prime factors of 21110?
2, 5, 2111
List the prime factors of 6124.
2, 1531
What are the prime factors of 2961?
3, 7, 47
What are the prime factors of 291?
3, 97
List the prime factors of 2403.
3, 89
List the prime factors of 908.
2, 227
List the prime factors of 124.
2, 31
List the prime factors of 26491.
59, 449
What are the prime factors of 10476?
2, 3, 97
What are the prime factors of 26048?
2, 11, 37
What are the prime factors of 242?
2, 11
List the prime factors of 254.
2, 127
List the prime factors of 23.
23
What are the prime